 x(p) = p**2 + 2*p - 13. What is x(-13)?
130
Let c(k) = -4*k**2 + 28*k + 558. Determine c(-14).
-618
Let n(v) = -30*v**3 + 899*v**2 + 30*v - 52. Determine n(30).
-52
Let q(t) = 75*t + 141. What is q(-1)?
66
Let a(b) = 2*b**3 - 26*b**2 - 63*b - 34. What is a(15)?
-79
Let w(g) = 55*g**2 - 153*g - 17. Determine w(3).
19
Let x(r) = 553*r - 557. Give x(1).
-4
Let j(z) = z**3 - 18*z**2 + 61*z + 39. Give j(13).
-13
Let q(u) = 4*u**2 + 795*u + 6299. What is q(-8)?
195
Let p(d) = d**3 + 43*d**2 + 27*d - 612. What is p(-42)?
18
Let m(o) = -205*o + 2015. What is m(10)?
-35
Let g(y) = -y**3 - y**2 - 8*y + 12. Give g(-4).
92
Let p(m) = 9*m**2 - 7*m - 20. Calculate p(-2).
30
Let y(p) = -p**2 - 26*p + 134. Give y(-31).
-21
Let y(p) = -3*p**2 + 3*p - 8. Give y(-5).
-98
Let i(r) = 381*r + 4947. Determine i(-13).
-6
Let x(g) = -g**2 + 8*g + 7. Give x(0).
7
Let t(x) = -3*x**2 - 11*x + 171. Calculate t(-10).
-19
Let i(m) = 99*m + 55. Give i(-3).
-242
Let q(t) = -t**3 - 10*t**2 + 50. Determine q(-10).
50
Let n(p) = -13*p**3 + 57*p - 97. Calculate n(2).
-87
Let j(d) = -2*d**2 - 34*d - 24. What is j(-12)?
96
Let g(i) = -i**3 + 23*i**2 + 50*i - 88. Give g(25).
-88
Let b(k) = -2*k**2 + 554*k + 17082. Calculate b(305).
2
Let a(k) = -215*k + 3632. Calculate a(17).
-23
Let o(q) = -3127*q + 21893. What is o(7)?
4
Let m(s) = 63*s + 1725. Calculate m(-26).
87
Let j(q) = -q**3 + 106*q**2 - 312*q + 388. Give j(103).
79
Let g(r) = -3*r**2 + 5*r - 147. Give g(12).
-519
Let j(g) = 15*g**2 + 129*g - 10. Determine j(-8).
-82
Let j(y) = -2*y + 57. Determine j(6).
45
Let k(c) = -c**3 + 62*c**2 + 4*c - 248. What is k(62)?
0
Let l(p) = -2*p**2 + 2*p + 38. Give l(9).
-106
Let n(m) = 4*m + 140. Give n(0).
140
Let x(t) = 52*t + 6612. What is x(-128)?
-44
Let i(d) = 3*d**2 - 13*d - 21. What is i(6)?
9
Let c(k) = k**3 - 34*k**2 - 112*k + 57. Give c(37).
20
Let t(v) = -2*v**3 + 62*v**2 + 76*v - 2357. Calculate t(31).
-1
Let o(i) = -i**3 - 31*i**2 - 234*i + 65. Calculate o(-17).
-3
Let o(n) = n**3 - 8*n**2 + 45*n - 663. Determine o(10).
-13
Let v(t) = t**3 + 6*t**2 + 23*t + 90. Calculate v(-4).
30
Let n(x) = x**2 + 28*x + 182. Give n(-7).
35
Let o(w) = 154*w + 1181. Calculate o(-12).
-667
Let s(q) = -6*q**2 + 96*q - 296. Determine s(3).
-62
Let d(m) = m**3 - m**2 - 112*m - 19. Give d(-10).
1
Let f(z) = 41*z + 216. What is f(-10)?
-194
Let j(g) = -50*g - 154. What is j(5)?
-404
Let o(m) = -m**3 - 13*m**2 + 5*m + 8. Calculate o(-11).
-289
Let y(o) = 91*o**2 - 65*o + 1. Determine y(1).
27
Let q(l) = -2*l**3 - 2*l + 40. Determine q(6).
-404
Let s(l) = 103*l + 175. Determine s(-3).
-134
Let z(c) = 3504*c + 14009. Give z(-4).
-7
Let y(i) = i**3 - 24*i**2 + 25*i + 38. Give y(23).
84
Let m(l) = l**3 + 3*l**2 - 128*l - 492. Give m(-4).
4
Let w(o) = 3*o**2 + 128*o + 3. Determine w(-42).
-81
Let a(j) = -5*j - 122. Determine a(-38).
68
Let v(k) = -4*k**2 - 105*k + 531. Give v(5).
-94
Let q(a) = a**3 - 11*a + 1. What is q(2)?
-13
Let t(f) = -189*f**2 - 185*f + 2. Give t(-1).
-2
Let c(d) = 15*d**2 + 139*d - 107. Determine c(-10).
3
Let x(n) = -n**3 - 136*n**2 + 412*n - 587. Calculate x(-139).
108
Let c(q) = -101*q - 595. Determine c(-8).
213
Let z(l) = 2739*l - 2746. Calculate z(1).
-7
Let h(v) = 23*v**2 + 16*v - 34. What is h(4)?
398
Let v(y) = -y**2 + 20*y + 220. What is v(26)?
64
Let p(y) = -34*y**2 - 1016*y + 114. Give p(-30).
-6
Let c(m) = m**3 - 38*m**2 - 8*m + 244. What is c(38)?
-60
Let v(h) = -9*h + 39. Calculate v(5).
-6
Let a(x) = 2*x**2 + 47*x + 244. Calculate a(-16).
4
Let m(j) = 80*j + 517. Give m(-6).
37
Let n(j) = -3*j**2 + 55*j - 223. Calculate n(13).
-15
Let d(z) = -49*z + 716. Calculate d(23).
-411
Let z(a) = -a**2 + 43*a + 588. What is z(54)?
-6
Let b(r) = -157*r - 4077. Give b(-26).
5
Let q(c) = -5*c**3 - 26*c**2 - 7*c - 9. Determine q(-4).
-77
Let y(a) = 2*a**2 + 28*a + 111. What is y(-14)?
111
Let g(v) = -v**3 - 7*v**2 - 2*v + 51. Determine g(-7).
65
Let q(k) = -k**3 - 25*k**2 - 16*k + 24. Determine q(-24).
-168
Let s(y) = -2*y**2 - 92*y - 2. Give s(-5).
408
Let d(g) = -g**3 + 24*g**2 + 387*g + 60. Give d(35).
130
Let i(n) = -55*n + 215. Give i(4).
-5
Let y(d) = -d**2 - 187*d - 4942. Determine y(-32).
18
Let q(t) = -51*t - 395. Calculate q(-8).
13
Let l(o) = -324*o + 1954. Calculate l(6).
10
Let l(k) = -16*k + 256. Calculate l(11).
80
Let b(q) = -2220*q + 11088. What is b(5)?
-12
Let j(z) = 13*z + 386. What is j(-28)?
22
Let m(b) = 325*b + 1736. Give m(-5).
111
Let y(v) = v**3 + 6*v**2 - 6*v - 39. Determine y(-5).
16
Let a(y) = 6*y**2 + 12*y + 62. What is a(-4)?
110
Let j(y) = -y**3 - 73*y**2 + 52*y - 1705. What is j(-74)?
-77
Let a(k) = 23*k**2 - 302*k + 23. Determine a(13).
-16
Let p(i) = 4*i**3 - 14*i**2 - 22*i + 8. Give p(-2).
-36
Let z(w) = -52*w - 2955. What is z(-58)?
61
Let f(u) = -2*u**2 + 30*u - 36. Determine f(9).
72
Let d(v) = -v**3 - 12*v**2 + 151*v + 779. Give d(-18).
5
Let t(k) = 220*k - 35. Determine t(1).
185
Let b(i) = -4*i**3 - 77*i**2 - 20*i - 12. Give b(-19).
7
Let z(f) = -f**3 - 42*f**2 - 3*f + 373. Determine z(-42).
499
Let q(v) = v**3 + 19*v**2 + 160*v + 1499. Determine q(-15).
-1
Let y(r) = -r**3 + 25*r**2 - 59*r + 52. Calculate y(22).
206
Let y(j) = -3*j**3 - 136*j**2 + 86*j - 280. Determine y(-46).
-4
Let t(n) = 33*n**2 + 15*n - 376. Give t(0).
-376
Let n(j) = 2*j**3 + 60*j**2 - 195*j + 75. What is n(-33)?
-24
Let i(a) = -15*a + 806. What is i(53)?
11
Let r(x) = -x**2 + 75*x - 1289. What is r(48)?
7
Let p(a) = 3*a**3 + 4*a - 42. Give p(0).
-42
Let s(t) = -t**3 - 20*t**2 - 28*t + 5. Give s(-17).
-386
Let c(y) = -y**3 + 10*y**2 + 32*y - 22. Determine c(-3).
-1
Let a(o) = 2*o**3 + 11*o**2 - 14*o + 35. Calculate a(-6).
83
Let r(z) = 2*z**2 + 164*z + 1687. Calculate r(-70).
7
Let p(x) = 6682*x - 13375. Determine p(2).
-11
Let i(g) = -2*g - 67. What is i(-6)?
-55
Let c(g) = 5728*g + 108833. What is c(-19)?
1
Let a(q) = 3*q**2 - 57*q - 208. What is a(-4)?
68
Let c(q) = q**2 - 683*q + 20849. Give c(32).
17
Let t(q) = -3*q**2 + 110*q + 58. Determine t(34).
330
Let u(l) = -8*l + 21. Give u(0).
21
Let a(j) = 124*j + 12. Calculate a(-1).
-112
Let s(l) = l**2 - 21*l - 165. Determine s(-7).
31
Let p(d) = -d**2 - 188*d - 4747. Determine p(-30).
-7
Let d(h) = 3*h**2 + 56*h + 178. Calculate d(-10).
-82
Let x(o) = -7*o**3 - 2*o**2 - 10*o - 3. What is x(-3)?
198
Let b(x) = -x**3 - 28*x**2 + 62*x + 49. Calculate b(-30).
-11
Let m(x) = 21*x + 1269. Determine m(-82).
-453
Let d(j) = -4*j**2 + 52*j - 469. Determine d(9).
-325
Let q(y) = -y**3 - 24*y**2 - 30*y + 123. What is q(-23)?
284
Let c(i) = 10*i**2 + 138*i + 98. Determine c(-13).
-6
Let h(v) = -v**2 - 15*v - 111. Determine h(-13).
-85
Let w(l) = 19*l**2 - 67*l - 481. Give w(7).
-19
Let f(x) = x**2 - 17*x - 53. Give f(20).
7
Let x(i) = 2*i**2 + 49*i + 201. Determine x(-5).
6
Let d(a) = 2*a**3 - 60*a**2 + a - 10. What is d(30)?
20
Let u(n) = 2*n**2 + 73*n + 230. Calculate u(-33).
-1
Let u(q) = 3*q**2 + 199*q + 577. Determine u(-3).
7
Let x(l) = -21*l**2 + 437*l - 252. Calculate x(20).
88
Let c(t) = 65*t + 196. What is c(0)?
196
Let s(r) = 5*r**3 + 44*r**2 + 45*r + 12. What is s(-9)?
-474
Let c(v) = -2*v**3 + 83*v**2 + 39*v - 35. Calculate c(42).
-161
Let f(r) = -r**2 - 35*r + 445. What is f(11)?
-61
Let v(t) = -t**2 - 20*t - 16. Determine v(-17).
35
Let f(y) = 5*y**3 - 231*y**2 + 42*y + 187. Calculate f(46).
3
Let f(d) = d**2 - 56*d - 288. Determine f(62).
84
Let k(x) = 13*x**3 - 26*x**2 - 3*x - 7. What is k(3)?
101
Let h(z) = -40*z - 157. Determine h(-6).
83
Let h(r) = r**2 - 102*r - 567. Give h(-6).
81
Let k(c) = -c**3 + 63*c**2 + 298*c - 2011. What is k(67)?
-1
Let k(d) = 3*d**2 + 22*d + 62. What is k(-3)?
23
Let w(b) = -b**3 + b**2 + 9*b - 15. Calculate w(2).
-1
Let t(h) = h**2 - 224*h + 900. Determine t(4).
20
Let j(v) = 3*v**2 + 92*v + 219. Give j(-23).
-310
Let c(h) = h**3 + 28*h**2 - 166*h - 50. Calculate c(-33).
-17
Let i(w) = -396*w + 2839. Calculate i(7).
67
Let g(f) = f**2 - 161*f - 8398. What is g(-41)?
-116
Let z(u) = 6*u**2 + 249*u + 1428. What is z(-7)?
-21
Let q(c) = c**2 - 31*c + 241. Calculate q(12).
13
Let a(u) = -23*u + 298. Determine a(13).
-1
Let i(x) = -x**3 + 19*x**2 - 99*x + 125. What is i(11)?
4
Let c(u) = 10*u**2 + 11*u - 38. Determine c(3).
85
Let q(y) = 951*y - 12363. What is q(13)?
0
Let h